{"id":3904,"date":"2021-11-10T11:48:40","date_gmt":"2021-11-10T14:48:40","guid":{"rendered":"http:\/\/https:\/\/iyp.fica.unsl.edu.ar\/?page_id=3904"},"modified":"2021-11-10T11:53:20","modified_gmt":"2021-11-10T14:53:20","slug":"novedades","status":"publish","type":"page","link":"https:\/\/iyp.fica.unsl.edu.ar\/index.php\/novedades\/","title":{"rendered":"Novedades"},"content":{"rendered":"\t\t<div data-elementor-type=\"wp-post\" data-elementor-id=\"3904\" class=\"elementor elementor-3904\">\n\t\t\t\t\t\t<section class=\"elementor-section elementor-top-section elementor-element elementor-element-10ffb8f elementor-section-boxed elementor-section-height-default elementor-section-height-default\" data-id=\"10ffb8f\" data-element_type=\"section\" data-e-type=\"section\">\n\t\t\t\t\t\t<div class=\"elementor-container elementor-column-gap-no\">\n\t\t\t\t\t<div class=\"elementor-column elementor-col-100 elementor-top-column elementor-element elementor-element-d65c6d2\" data-id=\"d65c6d2\" data-element_type=\"column\" data-e-type=\"column\">\n\t\t\t<div class=\"elementor-widget-wrap elementor-element-populated\">\n\t\t\t\t\t\t<div class=\"elementor-element elementor-element-c20b17e elementor-widget elementor-widget-heading\" data-id=\"c20b17e\" data-element_type=\"widget\" data-e-type=\"widget\" data-widget_type=\"heading.default\">\n\t\t\t\t<div class=\"elementor-widget-container\">\n\t\t\t\t\t<h2 class=\"elementor-heading-title elementor-size-default\">NOVEDADES<\/h2>\t\t\t\t<\/div>\n\t\t\t\t<\/div>\n\t\t\t\t<div class=\"elementor-element elementor-element-945e24a elementor-widget elementor-widget-shortcode\" data-id=\"945e24a\" data-element_type=\"widget\" data-e-type=\"widget\" data-widget_type=\"shortcode.default\">\n\t\t\t\t<div class=\"elementor-widget-container\">\n\t\t\t\t\t\t\t<div class=\"elementor-shortcode\">\r\n\t\t<div class=\"sp_wpspwpost_static wpspw-design-2 wpspw-grid-3 wpspw-clearfix \">\r\n\r\n\t\t\t\r\n<div class=\"wpspw-post-grid wpspw-medium-4 wpspw-columns first\">\r\n\t<div class=\"wpspw-post-grid-content  \">\r\n\r\n\t\t\t\t\t<div class=\"wpspw-post-image-bg\">\r\n\t\t\t\t<a href=\"https:\/\/iyp.fica.unsl.edu.ar\/index.php\/presentacion-de-informes-2024-2025-de-proyectos-de-investigacion\/\">\r\n\t\t\t\t\t<img decoding=\"async\" src=\"https:\/\/iyp.fica.unsl.edu.ar\/wp-content\/uploads\/2026\/02\/dd.png\" alt=\"Presentaci\u00f3n de Informes 2024-2025 de Proyectos de Investigaci\u00f3n\" \/>\r\n\t\t\t\t<\/a>\r\n\t\t\t\t\t\t\t\t\t<div class=\"wpspw-post-date\">\r\n\t\t\t\t\t\t11\/02\/2026\t\t\t\t\t<\/div>\r\n\t\t\t\t\t\t\t<\/div>\r\n\t\t\r\n\t\t<div class=\"wpspw-post-details-wrapper\">\r\n\t\t\t\r\n\t\t\t<h2 class=\"wpspw-post-title\">\r\n\t\t\t\t<a href=\"https:\/\/iyp.fica.unsl.edu.ar\/index.php\/presentacion-de-informes-2024-2025-de-proyectos-de-investigacion\/\">Presentaci\u00f3n de Informes 2024-2025 de Proyectos de Investigaci\u00f3n<\/a>\r\n\t\t\t<\/h2>\r\n\r\n\t\t\t\t\t\t\t<div class=\"wpspw-post-content\">\r\n\t\t\t\t\t\t\t\t\t\t\t<div>Los informes se presentan por Sigeva del 11\/02 al 4\/3.<\/div>\r\n\t\t\t\t\t\t<a class=\"wpspw-readmorebtn\" href=\"https:\/\/iyp.fica.unsl.edu.ar\/index.php\/presentacion-de-informes-2024-2025-de-proyectos-de-investigacion\/\">Read More<\/a>\r\n\t\t\t\t\t\t\t\t\t\t<\/div>\r\n\t\t\t\t\t<\/div>\r\n\t<\/div>\r\n<\/div>\r\n<div class=\"wpspw-post-grid wpspw-medium-4 wpspw-columns \">\r\n\t<div class=\"wpspw-post-grid-content  \">\r\n\r\n\t\t\t\t\t<div class=\"wpspw-post-image-bg\">\r\n\t\t\t\t<a href=\"https:\/\/iyp.fica.unsl.edu.ar\/index.php\/convocatoria-para-la-adquisicion-mantenimiento-y-reparacion-de-equipamiento\/\">\r\n\t\t\t\t\t<img decoding=\"async\" src=\"https:\/\/iyp.fica.unsl.edu.ar\/wp-content\/uploads\/2025\/09\/BECAS-ACTUALIZACION-copia-2-768x483-1.jpg\" alt=\"Convocatoria para la adquisici\u00f3n, mantenimiento y reparaci\u00f3n de equipamiento\" \/>\r\n\t\t\t\t<\/a>\r\n\t\t\t\t\t\t\t\t\t<div class=\"wpspw-post-date\">\r\n\t\t\t\t\t\t26\/09\/2025\t\t\t\t\t<\/div>\r\n\t\t\t\t\t\t\t<\/div>\r\n\t\t\r\n\t\t<div class=\"wpspw-post-details-wrapper\">\r\n\t\t\t\r\n\t\t\t<h2 class=\"wpspw-post-title\">\r\n\t\t\t\t<a href=\"https:\/\/iyp.fica.unsl.edu.ar\/index.php\/convocatoria-para-la-adquisicion-mantenimiento-y-reparacion-de-equipamiento\/\">Convocatoria para la adquisici\u00f3n, mantenimiento y reparaci\u00f3n de equipamiento<\/a>\r\n\t\t\t<\/h2>\r\n\r\n\t\t\t\t\t\t\t<div class=\"wpspw-post-content\">\r\n\t\t\t\t\t\t\t\t\t\t\t<div>La convocatoria permanecer\u00e1 abierta desde el\u00a029 de septiembre hasta el 10 de octubre de 2025, y la presentaci\u00f3n debe confeccionarse por\u00a0EXPEDIENTE de SUDOCU, ingres\u00e1ndolo por Mesa de Entradas de la Facultad<\/div>\r\n\t\t\t\t\t\t<a class=\"wpspw-readmorebtn\" href=\"https:\/\/iyp.fica.unsl.edu.ar\/index.php\/convocatoria-para-la-adquisicion-mantenimiento-y-reparacion-de-equipamiento\/\">Read More<\/a>\r\n\t\t\t\t\t\t\t\t\t\t<\/div>\r\n\t\t\t\t\t<\/div>\r\n\t<\/div>\r\n<\/div>\r\n<div class=\"wpspw-post-grid wpspw-medium-4 wpspw-columns \">\r\n\t<div class=\"wpspw-post-grid-content  \">\r\n\r\n\t\t\t\t\t<div class=\"wpspw-post-image-bg\">\r\n\t\t\t\t<a href=\"https:\/\/iyp.fica.unsl.edu.ar\/index.php\/electronica-de-potencia\/\">\r\n\t\t\t\t\t<img decoding=\"async\" src=\"https:\/\/iyp.fica.unsl.edu.ar\/wp-content\/uploads\/2025\/08\/Electronica-de-Potencia-2-e1755605180456.jpg\" alt=\"CURSO DE POSGRADO &#8211; ELECTR\u00d3NICA DE POTENCIA\" \/>\r\n\t\t\t\t<\/a>\r\n\t\t\t\t\t\t\t\t\t<div class=\"wpspw-post-date\">\r\n\t\t\t\t\t\t19\/08\/2025\t\t\t\t\t<\/div>\r\n\t\t\t\t\t\t\t<\/div>\r\n\t\t\r\n\t\t<div class=\"wpspw-post-details-wrapper\">\r\n\t\t\t\r\n\t\t\t<h2 class=\"wpspw-post-title\">\r\n\t\t\t\t<a href=\"https:\/\/iyp.fica.unsl.edu.ar\/index.php\/electronica-de-potencia\/\">CURSO DE POSGRADO &#8211; ELECTR\u00d3NICA DE POTENCIA<\/a>\r\n\t\t\t<\/h2>\r\n\r\n\t\t\t\t\t\t\t<div class=\"wpspw-post-content\">\r\n\t\t\t\t\t\t\t\t\t\t\t<div>Inicia mi\u00e9rcoles 03 de septiembre de 2025<\/div>\r\n\t\t\t\t\t\t<a class=\"wpspw-readmorebtn\" href=\"https:\/\/iyp.fica.unsl.edu.ar\/index.php\/electronica-de-potencia\/\">Read More<\/a>\r\n\t\t\t\t\t\t\t\t\t\t<\/div>\r\n\t\t\t\t\t\t\t<div class=\"wpswp-post-tags\">Tags: <a href=\"https:\/\/iyp.fica.unsl.edu.ar\/index.php\/tag\/curso-de-posgrado\/\" rel=\"tag\">CURSO DE POSGRADO<\/a>, <a href=\"https:\/\/iyp.fica.unsl.edu.ar\/index.php\/tag\/electronica\/\" rel=\"tag\">ELECTRONICA<\/a>, <a href=\"https:\/\/iyp.fica.unsl.edu.ar\/index.php\/tag\/fica\/\" rel=\"tag\">FICA<\/a>, <a href=\"https:\/\/iyp.fica.unsl.edu.ar\/index.php\/tag\/posgrado\/\" rel=\"tag\">POSGRADO<\/a>, <a href=\"https:\/\/iyp.fica.unsl.edu.ar\/index.php\/tag\/potencia\/\" rel=\"tag\">potencia<\/a>, <a href=\"https:\/\/iyp.fica.unsl.edu.ar\/index.php\/tag\/presencial\/\" rel=\"tag\">PRESENCIAL<\/a>, <a href=\"https:\/\/iyp.fica.unsl.edu.ar\/index.php\/tag\/unsl\/\" rel=\"tag\">UNSL<\/a><\/div>\r\n\t\t\t\t\t<\/div>\r\n\t<\/div>\r\n<\/div>\r\n<div class=\"wpspw-post-grid wpspw-medium-4 wpspw-columns first\">\r\n\t<div class=\"wpspw-post-grid-content  \">\r\n\r\n\t\t\t\t\t<div class=\"wpspw-post-image-bg\">\r\n\t\t\t\t<a href=\"https:\/\/iyp.fica.unsl.edu.ar\/index.php\/curso-de-posgrado-taller-de-redaccion-de-textos-de-investigacion\/\">\r\n\t\t\t\t\t<img decoding=\"async\" src=\"https:\/\/iyp.fica.unsl.edu.ar\/wp-content\/uploads\/2025\/08\/Bussetti.png\" alt=\"CURSO DE POSGRADO &#8211; TALLER DE REDACCI\u00d3N DE TEXTOS DE INVESTIGACI\u00d3N\" \/>\r\n\t\t\t\t<\/a>\r\n\t\t\t\t\t\t\t\t\t<div class=\"wpspw-post-date\">\r\n\t\t\t\t\t\t14\/08\/2025\t\t\t\t\t<\/div>\r\n\t\t\t\t\t\t\t<\/div>\r\n\t\t\r\n\t\t<div class=\"wpspw-post-details-wrapper\">\r\n\t\t\t\r\n\t\t\t<h2 class=\"wpspw-post-title\">\r\n\t\t\t\t<a href=\"https:\/\/iyp.fica.unsl.edu.ar\/index.php\/curso-de-posgrado-taller-de-redaccion-de-textos-de-investigacion\/\">CURSO DE POSGRADO &#8211; TALLER DE REDACCI\u00d3N DE TEXTOS DE INVESTIGACI\u00d3N<\/a>\r\n\t\t\t<\/h2>\r\n\r\n\t\t\t\t\t\t\t<div class=\"wpspw-post-content\">\r\n\t\t\t\t\t\t\t\t\t\t\t<div>Inicia viernes 05 de SEPTIEMBRE de 2025 <\/div>\r\n\t\t\t\t\t\t<a class=\"wpspw-readmorebtn\" href=\"https:\/\/iyp.fica.unsl.edu.ar\/index.php\/curso-de-posgrado-taller-de-redaccion-de-textos-de-investigacion\/\">Read More<\/a>\r\n\t\t\t\t\t\t\t\t\t\t<\/div>\r\n\t\t\t\t\t\t\t<div class=\"wpswp-post-tags\">Tags: <a href=\"https:\/\/iyp.fica.unsl.edu.ar\/index.php\/tag\/curso-de-posgrado\/\" rel=\"tag\">CURSO DE POSGRADO<\/a>, <a href=\"https:\/\/iyp.fica.unsl.edu.ar\/index.php\/tag\/fica\/\" rel=\"tag\">FICA<\/a>, <a href=\"https:\/\/iyp.fica.unsl.edu.ar\/index.php\/tag\/investigacion-3\/\" rel=\"tag\">INVESTIGACION<\/a>, <a href=\"https:\/\/iyp.fica.unsl.edu.ar\/index.php\/tag\/redaccion\/\" rel=\"tag\">REDACCI\u00d3N<\/a>, <a href=\"https:\/\/iyp.fica.unsl.edu.ar\/index.php\/tag\/textos\/\" rel=\"tag\">TEXTOS<\/a>, <a href=\"https:\/\/iyp.fica.unsl.edu.ar\/index.php\/tag\/unsl\/\" rel=\"tag\">UNSL<\/a><\/div>\r\n\t\t\t\t\t<\/div>\r\n\t<\/div>\r\n<\/div>\r\n<div class=\"wpspw-post-grid wpspw-medium-4 wpspw-columns \">\r\n\t<div class=\"wpspw-post-grid-content  \">\r\n\r\n\t\t\t\t\t<div class=\"wpspw-post-image-bg\">\r\n\t\t\t\t<a href=\"https:\/\/iyp.fica.unsl.edu.ar\/index.php\/curso-de-posgrado-aislamiento-produccion-y-manejo-de-bioinsumos-para-cultivos-de-interes-agronomico-con-enfasis-en-trichoderma\/\">\r\n\t\t\t\t\t<img decoding=\"async\" src=\"https:\/\/iyp.fica.unsl.edu.ar\/wp-content\/uploads\/2025\/08\/HURTADO-VALDEZ3.png\" alt=\"CURSO DE POSGRADO-AISLAMIENTO, PRODUCCI\u00d3N Y MANEJO DE BIOINSUMOS PARA CULTIVOS DE INTER\u00c9S AGRON\u00d3MICO CON \u00c9NFASIS EN TRICHODERMA\" \/>\r\n\t\t\t\t<\/a>\r\n\t\t\t\t\t\t\t\t\t<div class=\"wpspw-post-date\">\r\n\t\t\t\t\t\t13\/08\/2025\t\t\t\t\t<\/div>\r\n\t\t\t\t\t\t\t<\/div>\r\n\t\t\r\n\t\t<div class=\"wpspw-post-details-wrapper\">\r\n\t\t\t\r\n\t\t\t<h2 class=\"wpspw-post-title\">\r\n\t\t\t\t<a href=\"https:\/\/iyp.fica.unsl.edu.ar\/index.php\/curso-de-posgrado-aislamiento-produccion-y-manejo-de-bioinsumos-para-cultivos-de-interes-agronomico-con-enfasis-en-trichoderma\/\">CURSO DE POSGRADO-AISLAMIENTO, PRODUCCI\u00d3N Y MANEJO DE BIOINSUMOS PARA CULTIVOS DE INTER\u00c9S AGRON\u00d3MICO CON \u00c9NFASIS EN TRICHODERMA<\/a>\r\n\t\t\t<\/h2>\r\n\r\n\t\t\t\t\t\t\t<div class=\"wpspw-post-content\">\r\n\t\t\t\t\t\t\t\t\t\t\t<div>28-29-30 de agosto 2025<\/div>\r\n\t\t\t\t\t\t<a class=\"wpspw-readmorebtn\" href=\"https:\/\/iyp.fica.unsl.edu.ar\/index.php\/curso-de-posgrado-aislamiento-produccion-y-manejo-de-bioinsumos-para-cultivos-de-interes-agronomico-con-enfasis-en-trichoderma\/\">Read More<\/a>\r\n\t\t\t\t\t\t\t\t\t\t<\/div>\r\n\t\t\t\t\t\t\t<div class=\"wpswp-post-tags\">Tags: <a href=\"https:\/\/iyp.fica.unsl.edu.ar\/index.php\/tag\/agronomia\/\" rel=\"tag\">AGRONOMIA<\/a>, <a href=\"https:\/\/iyp.fica.unsl.edu.ar\/index.php\/tag\/bioinsumos\/\" rel=\"tag\">BIOINSUMOS<\/a>, <a href=\"https:\/\/iyp.fica.unsl.edu.ar\/index.php\/tag\/ciencia\/\" rel=\"tag\">CIENCIA<\/a>, <a href=\"https:\/\/iyp.fica.unsl.edu.ar\/index.php\/tag\/curso-de-posgrado\/\" rel=\"tag\">CURSO DE POSGRADO<\/a>, <a href=\"https:\/\/iyp.fica.unsl.edu.ar\/index.php\/tag\/fica\/\" rel=\"tag\">FICA<\/a>, <a href=\"https:\/\/iyp.fica.unsl.edu.ar\/index.php\/tag\/trichoderma\/\" rel=\"tag\">TRICHODERMA<\/a>, <a href=\"https:\/\/iyp.fica.unsl.edu.ar\/index.php\/tag\/unsl\/\" rel=\"tag\">UNSL<\/a><\/div>\r\n\t\t\t\t\t<\/div>\r\n\t<\/div>\r\n<\/div>\r\n<div class=\"wpspw-post-grid wpspw-medium-4 wpspw-columns \">\r\n\t<div class=\"wpspw-post-grid-content  \">\r\n\r\n\t\t\t\t\t<div class=\"wpspw-post-image-bg\">\r\n\t\t\t\t<a href=\"https:\/\/iyp.fica.unsl.edu.ar\/index.php\/prorroga-convocatoria-becas-de-investigacion-unsl\/\">\r\n\t\t\t\t\t<img decoding=\"async\" src=\"https:\/\/iyp.fica.unsl.edu.ar\/wp-content\/uploads\/2025\/06\/Prorroga-BECAS-2025-1.jpg\" alt=\"PR\u00d3RROGA: Convocatoria a BECAS DE INVESTIGACI\u00d3N &#8211; UNSL\" \/>\r\n\t\t\t\t<\/a>\r\n\t\t\t\t\t\t\t\t\t<div class=\"wpspw-post-date\">\r\n\t\t\t\t\t\t19\/06\/2025\t\t\t\t\t<\/div>\r\n\t\t\t\t\t\t\t<\/div>\r\n\t\t\r\n\t\t<div class=\"wpspw-post-details-wrapper\">\r\n\t\t\t\r\n\t\t\t<h2 class=\"wpspw-post-title\">\r\n\t\t\t\t<a href=\"https:\/\/iyp.fica.unsl.edu.ar\/index.php\/prorroga-convocatoria-becas-de-investigacion-unsl\/\">PR\u00d3RROGA: Convocatoria a BECAS DE INVESTIGACI\u00d3N &#8211; UNSL<\/a>\r\n\t\t\t<\/h2>\r\n\r\n\t\t\t\t\t\t\t<div class=\"wpspw-post-content\">\r\n\t\t\t\t\t\t\t\t\t\t\t<div>Se prorroga la convocatoria de Becas del Programa de Investigaci\u00f3n Cient\u00edfica y\/o Tecnol\u00f3gica hasta el d\u00eda 26 de junio inclusive<\/div>\r\n\t\t\t\t\t\t<a class=\"wpspw-readmorebtn\" href=\"https:\/\/iyp.fica.unsl.edu.ar\/index.php\/prorroga-convocatoria-becas-de-investigacion-unsl\/\">Read More<\/a>\r\n\t\t\t\t\t\t\t\t\t\t<\/div>\r\n\t\t\t\t\t<\/div>\r\n\t<\/div>\r\n<\/div>\r\n<div class=\"wpspw-post-grid wpspw-medium-4 wpspw-columns first\">\r\n\t<div class=\"wpspw-post-grid-content  \">\r\n\r\n\t\t\t\t\t<div class=\"wpspw-post-image-bg\">\r\n\t\t\t\t<a href=\"https:\/\/iyp.fica.unsl.edu.ar\/index.php\/pi-unsl-2026-convocatoria-a-proyectos-de-investigacion\/\">\r\n\t\t\t\t\t<img decoding=\"async\" src=\"https:\/\/iyp.fica.unsl.edu.ar\/wp-content\/uploads\/2025\/06\/Mesa-de-trabajo-1-copia-35-768x432-1.png\" alt=\"PI UNSL 2026 \u2013 CONVOCATORIA A PROYECTOS DE INVESTIGACI\u00d3N\" \/>\r\n\t\t\t\t<\/a>\r\n\t\t\t\t\t\t\t\t\t<div class=\"wpspw-post-date\">\r\n\t\t\t\t\t\t04\/06\/2025\t\t\t\t\t<\/div>\r\n\t\t\t\t\t\t\t<\/div>\r\n\t\t\r\n\t\t<div class=\"wpspw-post-details-wrapper\">\r\n\t\t\t\r\n\t\t\t<h2 class=\"wpspw-post-title\">\r\n\t\t\t\t<a href=\"https:\/\/iyp.fica.unsl.edu.ar\/index.php\/pi-unsl-2026-convocatoria-a-proyectos-de-investigacion\/\">PI UNSL 2026 \u2013 CONVOCATORIA A PROYECTOS DE INVESTIGACI\u00d3N<\/a>\r\n\t\t\t<\/h2>\r\n\r\n\t\t\t\t\t\t\t<div class=\"wpspw-post-content\">\r\n\t\t\t\t\t\t\t\t\t\t\t<div>En el marco de la nueva ordenanza de Proyectos de Investigaci\u00f3n (OCS N\u00b0 04\/25), la Secretar\u00eda de Ciencia y Tecnolog\u00eda...<\/div>\r\n\t\t\t\t\t\t<a class=\"wpspw-readmorebtn\" href=\"https:\/\/iyp.fica.unsl.edu.ar\/index.php\/pi-unsl-2026-convocatoria-a-proyectos-de-investigacion\/\">Read More<\/a>\r\n\t\t\t\t\t\t\t\t\t\t<\/div>\r\n\t\t\t\t\t<\/div>\r\n\t<\/div>\r\n<\/div>\r\n<div class=\"wpspw-post-grid wpspw-medium-4 wpspw-columns \">\r\n\t<div class=\"wpspw-post-grid-content  \">\r\n\r\n\t\t\t\t\t<div class=\"wpspw-post-image-bg\">\r\n\t\t\t\t<a href=\"https:\/\/iyp.fica.unsl.edu.ar\/index.php\/convocatoria-a-becas-de-investigacion-estimulo-iniciacion-perfeccionamiento-y-finalizacion-de-posgrado\/\">\r\n\t\t\t\t\t<img decoding=\"async\" src=\"https:\/\/iyp.fica.unsl.edu.ar\/wp-content\/uploads\/2025\/05\/becas-noticia-768x432-1.jpg\" alt=\"Convocatoria a BECAS DE INVESTIGACI\u00d3N: Est\u00edmulo, Iniciaci\u00f3n, Perfeccionamiento y Finalizaci\u00f3n de Posgrado.\" \/>\r\n\t\t\t\t<\/a>\r\n\t\t\t\t\t\t\t\t\t<div class=\"wpspw-post-date\">\r\n\t\t\t\t\t\t27\/05\/2025\t\t\t\t\t<\/div>\r\n\t\t\t\t\t\t\t<\/div>\r\n\t\t\r\n\t\t<div class=\"wpspw-post-details-wrapper\">\r\n\t\t\t\r\n\t\t\t<h2 class=\"wpspw-post-title\">\r\n\t\t\t\t<a href=\"https:\/\/iyp.fica.unsl.edu.ar\/index.php\/convocatoria-a-becas-de-investigacion-estimulo-iniciacion-perfeccionamiento-y-finalizacion-de-posgrado\/\">Convocatoria a BECAS DE INVESTIGACI\u00d3N: Est\u00edmulo, Iniciaci\u00f3n, Perfeccionamiento y Finalizaci\u00f3n de Posgrado.<\/a>\r\n\t\t\t<\/h2>\r\n\r\n\t\t\t\t\t\t\t<div class=\"wpspw-post-content\">\r\n\t\t\t\t\t\t\t\t\t\t\t<div>Del\u00a02 de Junio hasta el 19 de Junio\u00a0se encontrar\u00e1 abierta la inscripci\u00f3n y se realizar\u00e1 por\u00a0SIGEVA-UNSL<\/div>\r\n\t\t\t\t\t\t<a class=\"wpspw-readmorebtn\" href=\"https:\/\/iyp.fica.unsl.edu.ar\/index.php\/convocatoria-a-becas-de-investigacion-estimulo-iniciacion-perfeccionamiento-y-finalizacion-de-posgrado\/\">Read More<\/a>\r\n\t\t\t\t\t\t\t\t\t\t<\/div>\r\n\t\t\t\t\t<\/div>\r\n\t<\/div>\r\n<\/div>\r\n<div class=\"wpspw-post-grid wpspw-medium-4 wpspw-columns \">\r\n\t<div class=\"wpspw-post-grid-content  \">\r\n\r\n\t\t\t\t\t<div class=\"wpspw-post-image-bg\">\r\n\t\t\t\t<a href=\"https:\/\/iyp.fica.unsl.edu.ar\/index.php\/semana-de-la-ciencia\/\">\r\n\t\t\t\t\t<img decoding=\"async\" src=\"https:\/\/iyp.fica.unsl.edu.ar\/wp-content\/uploads\/2025\/04\/festival-768x960-1.png\" alt=\"Semana Nacional de la Ciencia \u201cCiencia es futuro&#8221;\" \/>\r\n\t\t\t\t<\/a>\r\n\t\t\t\t\t\t\t\t\t<div class=\"wpspw-post-date\">\r\n\t\t\t\t\t\t03\/04\/2025\t\t\t\t\t<\/div>\r\n\t\t\t\t\t\t\t<\/div>\r\n\t\t\r\n\t\t<div class=\"wpspw-post-details-wrapper\">\r\n\t\t\t\r\n\t\t\t<h2 class=\"wpspw-post-title\">\r\n\t\t\t\t<a href=\"https:\/\/iyp.fica.unsl.edu.ar\/index.php\/semana-de-la-ciencia\/\">Semana Nacional de la Ciencia \u201cCiencia es futuro&#8221;<\/a>\r\n\t\t\t<\/h2>\r\n\r\n\t\t\t\t\t\t\t<div class=\"wpspw-post-content\">\r\n\t\t\t\t\t\t\t\t\t\t\t<div>Las actividades previstas para Villa Mercedes ser\u00e1n el d\u00eda viernes 11 de abril a partir de las 9 h.<\/div>\r\n\t\t\t\t\t\t<a class=\"wpspw-readmorebtn\" href=\"https:\/\/iyp.fica.unsl.edu.ar\/index.php\/semana-de-la-ciencia\/\">Read More<\/a>\r\n\t\t\t\t\t\t\t\t\t\t<\/div>\r\n\t\t\t\t\t<\/div>\r\n\t<\/div>\r\n<\/div>\r\n\t\t\t\t\t\t\t<div class=\"wpspw_pagination wpspw-numeric wpspw-clearfix\">\r\n\t\t\t\t\t<span aria-current=\"page\" class=\"page-numbers current\">1<\/span>\n<a class=\"page-numbers\" href=\"https:\/\/iyp.fica.unsl.edu.ar\/index.php\/wp-json\/wp\/v2\/pages\/3904\/page\/2\/\">2<\/a>\n<a class=\"page-numbers\" href=\"https:\/\/iyp.fica.unsl.edu.ar\/index.php\/wp-json\/wp\/v2\/pages\/3904\/page\/3\/\">3<\/a>\n<span class=\"page-numbers dots\">&hellip;<\/span>\n<a class=\"page-numbers\" href=\"https:\/\/iyp.fica.unsl.edu.ar\/index.php\/wp-json\/wp\/v2\/pages\/3904\/page\/16\/\">16<\/a>\n<a class=\"next page-numbers\" href=\"https:\/\/iyp.fica.unsl.edu.ar\/index.php\/wp-json\/wp\/v2\/pages\/3904\/page\/2\/\">Next &raquo;<\/a>\t\t\t\t<\/div>\r\n\t\t\t\t\t<\/div>\r\n\r\n\t<\/div>\n\t\t\t\t\t\t<\/div>\n\t\t\t\t<\/div>\n\t\t\t\t\t<\/div>\n\t\t<\/div>\n\t\t\t\t\t<\/div>\n\t\t<\/section>\n\t\t\t\t<\/div>\n\t\t","protected":false},"excerpt":{"rendered":"<p>NOVEDADES<\/p>\n","protected":false},"author":5,"featured_media":0,"parent":0,"menu_order":0,"comment_status":"closed","ping_status":"closed","template":"","meta":{"_monsterinsights_skip_tracking":false,"_monsterinsights_sitenote_active":false,"_monsterinsights_sitenote_note":"","_monsterinsights_sitenote_category":0,"_uf_show_specific_survey":0,"_uf_disable_surveys":false,"footnotes":""},"class_list":["post-3904","page","type-page","status-publish","hentry"],"yoast_head":"<!-- This site is optimized with the Yoast SEO plugin v26.9 - https:\/\/yoast.com\/product\/yoast-seo-wordpress\/ -->\n<title>Novedades - Secretar\u00eda de Investigaci\u00f3n y Posgrado<\/title>\n<meta name=\"robots\" content=\"index, follow, max-snippet:-1, max-image-preview:large, max-video-preview:-1\" \/>\n<link rel=\"canonical\" href=\"https:\/\/iyp.fica.unsl.edu.ar\/index.php\/novedades\/\" \/>\n<meta property=\"og:locale\" content=\"es_ES\" \/>\n<meta property=\"og:type\" content=\"article\" \/>\n<meta property=\"og:title\" content=\"Novedades - Secretar\u00eda de Investigaci\u00f3n y Posgrado\" \/>\n<meta property=\"og:description\" content=\"NOVEDADES\" \/>\n<meta property=\"og:url\" content=\"https:\/\/iyp.fica.unsl.edu.ar\/index.php\/novedades\/\" \/>\n<meta property=\"og:site_name\" content=\"Secretar\u00eda de Investigaci\u00f3n y Posgrado\" \/>\n<meta property=\"article:modified_time\" content=\"2021-11-10T14:53:20+00:00\" \/>\n<meta name=\"twitter:card\" content=\"summary_large_image\" \/>\n<meta name=\"twitter:label1\" content=\"Tiempo de lectura\" \/>\n\t<meta name=\"twitter:data1\" content=\"4 minutos\" \/>\n<script type=\"application\/ld+json\" class=\"yoast-schema-graph\">{\"@context\":\"https:\/\/schema.org\",\"@graph\":[{\"@type\":\"WebPage\",\"@id\":\"https:\/\/iyp.fica.unsl.edu.ar\/index.php\/novedades\/\",\"url\":\"https:\/\/iyp.fica.unsl.edu.ar\/index.php\/novedades\/\",\"name\":\"Novedades - Secretar\u00eda de Investigaci\u00f3n y Posgrado\",\"isPartOf\":{\"@id\":\"https:\/\/iyp.fica.unsl.edu.ar\/#website\"},\"datePublished\":\"2021-11-10T14:48:40+00:00\",\"dateModified\":\"2021-11-10T14:53:20+00:00\",\"breadcrumb\":{\"@id\":\"https:\/\/iyp.fica.unsl.edu.ar\/index.php\/novedades\/#breadcrumb\"},\"inLanguage\":\"es-AR\",\"potentialAction\":[{\"@type\":\"ReadAction\",\"target\":[\"https:\/\/iyp.fica.unsl.edu.ar\/index.php\/novedades\/\"]}]},{\"@type\":\"BreadcrumbList\",\"@id\":\"https:\/\/iyp.fica.unsl.edu.ar\/index.php\/novedades\/#breadcrumb\",\"itemListElement\":[{\"@type\":\"ListItem\",\"position\":1,\"name\":\"Home\",\"item\":\"https:\/\/iyp.fica.unsl.edu.ar\/\"},{\"@type\":\"ListItem\",\"position\":2,\"name\":\"Novedades\"}]},{\"@type\":\"WebSite\",\"@id\":\"https:\/\/iyp.fica.unsl.edu.ar\/#website\",\"url\":\"https:\/\/iyp.fica.unsl.edu.ar\/\",\"name\":\"Secretar\u00eda de Investigaci\u00f3n y Posgrado\",\"description\":\"FICA - UNSL\",\"publisher\":{\"@id\":\"https:\/\/iyp.fica.unsl.edu.ar\/#organization\"},\"potentialAction\":[{\"@type\":\"SearchAction\",\"target\":{\"@type\":\"EntryPoint\",\"urlTemplate\":\"https:\/\/iyp.fica.unsl.edu.ar\/?s={search_term_string}\"},\"query-input\":{\"@type\":\"PropertyValueSpecification\",\"valueRequired\":true,\"valueName\":\"search_term_string\"}}],\"inLanguage\":\"es-AR\"},{\"@type\":\"Organization\",\"@id\":\"https:\/\/iyp.fica.unsl.edu.ar\/#organization\",\"name\":\"FICA - Secretar\u00eda de Investigaci\u00f3n y Posgrado\",\"url\":\"https:\/\/iyp.fica.unsl.edu.ar\/\",\"logo\":{\"@type\":\"ImageObject\",\"inLanguage\":\"es-AR\",\"@id\":\"https:\/\/iyp.fica.unsl.edu.ar\/#\/schema\/logo\/image\/\",\"url\":\"https:\/\/iyp.fica.unsl.edu.ar\/wp-content\/uploads\/2021\/04\/SIyP-v41.png\",\"contentUrl\":\"https:\/\/iyp.fica.unsl.edu.ar\/wp-content\/uploads\/2021\/04\/SIyP-v41.png\",\"width\":4479,\"height\":1232,\"caption\":\"FICA - Secretar\u00eda de Investigaci\u00f3n y Posgrado\"},\"image\":{\"@id\":\"https:\/\/iyp.fica.unsl.edu.ar\/#\/schema\/logo\/image\/\"}}]}<\/script>\n<!-- \/ Yoast SEO plugin. -->","yoast_head_json":{"title":"Novedades - Secretar\u00eda de Investigaci\u00f3n y Posgrado","robots":{"index":"index","follow":"follow","max-snippet":"max-snippet:-1","max-image-preview":"max-image-preview:large","max-video-preview":"max-video-preview:-1"},"canonical":"https:\/\/iyp.fica.unsl.edu.ar\/index.php\/novedades\/","og_locale":"es_ES","og_type":"article","og_title":"Novedades - Secretar\u00eda de Investigaci\u00f3n y Posgrado","og_description":"NOVEDADES","og_url":"https:\/\/iyp.fica.unsl.edu.ar\/index.php\/novedades\/","og_site_name":"Secretar\u00eda de Investigaci\u00f3n y Posgrado","article_modified_time":"2021-11-10T14:53:20+00:00","twitter_card":"summary_large_image","twitter_misc":{"Tiempo de lectura":"4 minutos"},"schema":{"@context":"https:\/\/schema.org","@graph":[{"@type":"WebPage","@id":"https:\/\/iyp.fica.unsl.edu.ar\/index.php\/novedades\/","url":"https:\/\/iyp.fica.unsl.edu.ar\/index.php\/novedades\/","name":"Novedades - Secretar\u00eda de Investigaci\u00f3n y Posgrado","isPartOf":{"@id":"https:\/\/iyp.fica.unsl.edu.ar\/#website"},"datePublished":"2021-11-10T14:48:40+00:00","dateModified":"2021-11-10T14:53:20+00:00","breadcrumb":{"@id":"https:\/\/iyp.fica.unsl.edu.ar\/index.php\/novedades\/#breadcrumb"},"inLanguage":"es-AR","potentialAction":[{"@type":"ReadAction","target":["https:\/\/iyp.fica.unsl.edu.ar\/index.php\/novedades\/"]}]},{"@type":"BreadcrumbList","@id":"https:\/\/iyp.fica.unsl.edu.ar\/index.php\/novedades\/#breadcrumb","itemListElement":[{"@type":"ListItem","position":1,"name":"Home","item":"https:\/\/iyp.fica.unsl.edu.ar\/"},{"@type":"ListItem","position":2,"name":"Novedades"}]},{"@type":"WebSite","@id":"https:\/\/iyp.fica.unsl.edu.ar\/#website","url":"https:\/\/iyp.fica.unsl.edu.ar\/","name":"Secretar\u00eda de Investigaci\u00f3n y Posgrado","description":"FICA - UNSL","publisher":{"@id":"https:\/\/iyp.fica.unsl.edu.ar\/#organization"},"potentialAction":[{"@type":"SearchAction","target":{"@type":"EntryPoint","urlTemplate":"https:\/\/iyp.fica.unsl.edu.ar\/?s={search_term_string}"},"query-input":{"@type":"PropertyValueSpecification","valueRequired":true,"valueName":"search_term_string"}}],"inLanguage":"es-AR"},{"@type":"Organization","@id":"https:\/\/iyp.fica.unsl.edu.ar\/#organization","name":"FICA - Secretar\u00eda de Investigaci\u00f3n y Posgrado","url":"https:\/\/iyp.fica.unsl.edu.ar\/","logo":{"@type":"ImageObject","inLanguage":"es-AR","@id":"https:\/\/iyp.fica.unsl.edu.ar\/#\/schema\/logo\/image\/","url":"https:\/\/iyp.fica.unsl.edu.ar\/wp-content\/uploads\/2021\/04\/SIyP-v41.png","contentUrl":"https:\/\/iyp.fica.unsl.edu.ar\/wp-content\/uploads\/2021\/04\/SIyP-v41.png","width":4479,"height":1232,"caption":"FICA - Secretar\u00eda de Investigaci\u00f3n y Posgrado"},"image":{"@id":"https:\/\/iyp.fica.unsl.edu.ar\/#\/schema\/logo\/image\/"}}]}},"_links":{"self":[{"href":"https:\/\/iyp.fica.unsl.edu.ar\/index.php\/wp-json\/wp\/v2\/pages\/3904","targetHints":{"allow":["GET"]}}],"collection":[{"href":"https:\/\/iyp.fica.unsl.edu.ar\/index.php\/wp-json\/wp\/v2\/pages"}],"about":[{"href":"https:\/\/iyp.fica.unsl.edu.ar\/index.php\/wp-json\/wp\/v2\/types\/page"}],"author":[{"embeddable":true,"href":"https:\/\/iyp.fica.unsl.edu.ar\/index.php\/wp-json\/wp\/v2\/users\/5"}],"replies":[{"embeddable":true,"href":"https:\/\/iyp.fica.unsl.edu.ar\/index.php\/wp-json\/wp\/v2\/comments?post=3904"}],"version-history":[{"count":4,"href":"https:\/\/iyp.fica.unsl.edu.ar\/index.php\/wp-json\/wp\/v2\/pages\/3904\/revisions"}],"predecessor-version":[{"id":3908,"href":"https:\/\/iyp.fica.unsl.edu.ar\/index.php\/wp-json\/wp\/v2\/pages\/3904\/revisions\/3908"}],"wp:attachment":[{"href":"https:\/\/iyp.fica.unsl.edu.ar\/index.php\/wp-json\/wp\/v2\/media?parent=3904"}],"curies":[{"name":"wp","href":"https:\/\/api.w.org\/{rel}","templated":true}]}}